et t(q) = 9*q**2 + 19*q + 22. Let o(u) = 5*f(u) - 13*t(u). Give o(0).
-11
Let n = 9 - 15. Let x(y) be the third derivative of 0*y + 3/8*y**4 - 6*y**2 + 7/60*y**5 + 1/120*y**6 + 2/3*y**3 + 0. Calculate x(n).
-14
Let y(d) = -2*d**3 + 10*d**2 + d + 6. Let g = -3165 + 3171. Calculate y(g).
-60
Let r(w) = w - 1. Let b = -48 + 68. Let t be 8 + 8/b + (-3)/(-5). Suppose t - 7 = h. What is r(h)?
1
Let q(y) = -y**3 + 13*y**2 - 14*y + 18. Let x = -167 - -167. Suppose x = 3*l - t - 35, -3*t - 15 - 30 = -4*l. Determine q(l).
-6
Let g = 56 - 58. Let d be 1/g - 99/(-22). Let n(v) = v - 1 - d + 4. What is n(6)?
5
Let a = -308 + 310. Let q(n) = 31 - 10 - 11 + a*n - 13. Determine q(-7).
-17
Let x(t) = 3*t**2 + 1. Let j = 173 - 169. Suppose 0 = -0*n - j*n - 4. Determine x(n).
4
Let g(a) = -498*a + 996*a + 9 + 9*a**2 - a**3 - 507*a. Give g(8).
1
Let c(j) be the second derivative of j**5/60 + 5*j**4/12 + 7*j**3/6 - 23*j**2 - j + 2. Let y(s) be the first derivative of c(s). Determine y(-5).
-18
Let z(o) be the third derivative of -7/60*o**5 + 0 + 1/3*o**4 - 42*o**2 + 1/120*o**6 - 4/3*o**3 + 0*o. Let c be z(6). Let p(l) = l**2 - 3*l - 2. Calculate p(c).
2
Let v(s) = -s**3 + 5*s**2 - 5*s - 3. Suppose 0 = -a - 5 - 43. Let p = a + 52. Let f be v(p). Let h(m) = m + 9. What is h(f)?
2
Let a(j) be the second derivative of 2*j**3/3 + 4*j**2 + 4116*j. Calculate a(-6).
-16
Let c(q) = -7*q + 46. Let s(m) = 77*m - 535. Let g(t) = -23*c(t) - 2*s(t). Calculate g(12).
96
Let c(z) = 6*z**2 + 4*z + 2. Let i(m) = m**2 - 7*m + 1. Let t be i(8). Suppose -5*r = -t*r + 5*l - 18, 5*r = -l - 8. Calculate c(r).
18
Let s(z) be the second derivative of z**4/3 + z**2 - 2*z + 2363. Determine s(1).
6
Let c = 4 - -2. Suppose 2*f - 12 + 6 = 0. Let j(z) = z**3 + 7*z - 5*z**3 + 5*z**2 + 5 + 3*z**f. Determine j(c).
11
Suppose 6 + 42 = 2*h. Suppose 4 = -5*o + h. Suppose -1 = -2*i + 3*s, -2*i - o*s - 3 = -3*s. Let w(g) = -5*g. What is w(i)?
5
Let w = 13 + -21. Let q(j) = 3*j**2 + 8*j + 35 - j**2 - j**2 - 45. Calculate q(w).
-10
Let s(t) = -2*t**3 + 4 + 3*t**3 + 4*t**2 - t - 1 - 7. Let n(m) = -m**3 + 4*m**2 - 6*m + 4. Let z be n(3). Determine s(z).
-24
Let o be (-2)/(-8) + (-2061)/48*-4. Let i(s) = -165*s - o*s + 331*s. Give i(1).
-6
Let p = -3165 + 3163. Let v(m) = 6*m**3 + 2*m**2 + 6*m + 7. Determine v(p).
-45
Let r = 2232 - 2225. Let n(x) = -x**2 + 26*x - 127. Determine n(r).
6
Let z(h) = -h**3 + 9*h**2 - 4*h + 1. Suppose 16 = -3708*b + 3710*b. Give z(b).
33
Let r(c) = 100*c - 55. Let o(m) = -8*m + 26. Let h(j) = 3*j - 14. Let w(n) = -7*h(n) - 4*o(n). Let t(v) = 6*r(v) - 55*w(v). Determine t(2).
-10
Let c(g) = g**3 + 2*g**2 + 2*g - 17. Suppose -26 = -5*n + 2*q, 5*n + 544*q + 30 = 539*q. Calculate c(n).
3
Let m(n) = n**3 - 29*n**2 + 53*n + 31. Let v be m(27). Let k(s) = -17*s + 78. What is k(v)?
10
Let u(w) = -8*w + 3. Suppose -297 = -20*c + 123. Suppose c*v = 32*v + 44. Determine u(v).
35
Let x(s) = 22 - 12 - 11*s - 11. Suppose -n - m = 2, -5*m = 5*n - 7*m + 3. Determine x(n).
10
Let y(v) = -12*v + 26. Let m be 18*(784/48 + -16). What is y(m)?
-46
Suppose 49*k - 3*w = 44*k - 36, -5*w - 8 = 3*k. Let b(m) = -3*m + 14. Determine b(k).
32
Let x(z) = z**3 + 3*z**2 + z + 3. Let y be (6/18)/((-2)/12)*11. Let w = 19 + y. What is x(w)?
0
Let n(i) = 7*i + 12. Let o be n(-1). Suppose 12*a = -o*a + 2*a. Let h(y) = y - 14. Determine h(a).
-14
Let i be (-1 - 3)/(1 - 2). Let x(y) = -y**2 - i + 359*y - 346*y + 2*y**2. What is x(-13)?
-4
Let w(x) = 4213*x + 26*x**2 - 24 - 28*x**2 - 2068*x - 2113*x. What is w(14)?
32
Let a(g) = -5*g**2 - 4*g + 4. Let f(w) = 6*w**2 + 5*w - 5. Let x(j) = 5*a(j) + 4*f(j). Let d be x(1). Let c(m) = m + 1. Give c(d).
0
Let p(x) be the third derivative of -x**5/60 + x**4/4 + x**3/6 - 11*x**2. Let u = 998 - 992. Determine p(u).
1
Let w(k) = 19*k + 52. Let j(x) = 10*x + 27. Let m = 289 - 278. Let l(c) = m*j(c) - 6*w(c). Determine l(-5).
5
Suppose -840 = -5*x + 90*x + 20*x. Let q(v) = 6*v + 57. Give q(x).
9
Let a(s) = s**2 + 4*s + 6. Let d = -187 + 163. Let v be (-8)/(-48) - (-100)/d. Calculate a(v).
6
Let j(g) be the third derivative of -g**5/10 - 17*g**4/24 + g**3/3 - 197*g**2. Determine j(-3).
-1
Let a(y) = 4*y**2 - 24*y + 8. Suppose -11*g + g - 126 + 176 = 0. Determine a(g).
-12
Let f = -742 + 1166. Let h be f/(-16) + (-3)/((-18)/(-3)). Let p = 26 + h. Let l(b) = -3*b**3 - b**2 + 1. What is l(p)?
3
Let b(u) be the third derivative of u**6/120 - u**5/30 - u**4/8 + u**3/3 - 140*u**2. Let s be (-2)/(-7) + 5/(175/95). Determine b(s).
2
Let n(j) = -2*j - 9. Let l(w) = 2*w - 22. Suppose -15 = 5*z, 0 = -2*p + 7*p - 5*z - 60. Let r be l(p). Let i be n(r). Let x(a) = -15*a + 1. Calculate x(i).
16
Suppose -3*q = -4 - 5. Suppose -115 + 136 = 3*a - 5*c, 5*a + 3*c - 35 = 0. Let v(z) = z - 6 + a - q*z - 3. Determine v(-5).
8
Let p(j) = -j**3 + j**2 + 35. Let q(h) = 150*h - 1200. Let t be q(8). Determine p(t).
35
Let q(i) = -388*i - 7 + 773*i - 386*i. Calculate q(-6).
-1
Let v(r) = -3*r**3 - 24*r**2 - 116*r + 20. Let b(m) = 2*m**3 + 16*m**2 + 74*m - 13. Let y(p) = -8*b(p) - 5*v(p). Determine y(-5).
-11
Let l(h) = 2*h + 8. Let p(k) = -k**2 - 3*k. Let m be p(-3). Let g(y) = -25 + 61 - 30 - y + 2*y. Let s be g(m). Calculate l(s).
20
Let o be 240/270 - (-2)/18. Let x(y) = y**2 - y. Let z(c) = 5*c**2 - 1. Let j(v) = o*z(v) + x(v). Determine j(-1).
6
Let f(x) = 0*x**2 - 2*x + 2*x**2 - 4 - x**2 + x - 1. Calculate f(0).
-5
Let v(u) = -2*u**2 - 2*u + 5. Suppose 21*q - 29*q = 3928. Let i = -495 - q. Calculate v(i).
-19
Suppose 9*s - 58 = -22. Suppose 8*j + 9 = 11*j + 3*i, s*i + 12 = 0. Let a(b) = -5 - 6*b**2 + 2*b - 2*b + b**3 + 2*b. Calculate a(j).
7
Let d be 1755/390 + (1/(-2))/1. Suppose 4*t + 12 = -d*n + 2*t, 3*t - 15 = 5*n. Let l(i) = 0 + 1 + 3*i**2 + 3*i - 2. What is l(n)?
17
Suppose 2*o = -8*u + 9*u - 23, 0 = -5*o - 2*u - 44. Let m be 5*3/15 - o. Suppose -6*k - 17 = m*k. Let n(g) = -7*g**3 - 2*g**2 - 2*g - 1. Calculate n(k).
6
Let c(v) = -v**2 + 6*v + 8. Let p = 14 - 12. Suppose -24 = -p*b - b. Suppose -4*g + 16 = -b. Determine c(g).
8
Suppose 3 = -2*k + 2*j - 9, 5*j = -3*k - 2. Let y(t) = -t**2 + 17*t + 23. Let h be y(18). Let o(m) = -9*m**3 + 3*m + 10*m**3 + h*m**2 + 2*m + 2. Determine o(k).
-2
Suppose 67*d - 23341 + 22881 = 21*d. Let a(l) = 1 - l + 0*l - 2. Give a(d).
-11
Let r(o) = -2*o**2 - 3*o - 3. Let z(j) = 74*j - 435. Let d be z(5). Suppose 3*q - 4*q = 2, 5*q - 116 = -2*f. Let u = f + d. What is r(u)?
-5
Let c(f) be the third derivative of -f**6/120 + f**5/10 - 7*f**4/24 + 3*f**3/2 + 3421*f**2. Give c(6).
-33
Let f(b) = -b**2 + b + 14. Let k(j) = j**3 + 3*j**2 - 3*j - 34. Let q(s) = -5*f(s) - 2*k(s). Determine q(2).
-20
Let b(s) be the third derivative of 7*s**4/24 + 7*s**3 + 4812*s**2 + 2*s + 2. Calculate b(-6).
0
Let j(k) = k**2 - 16. Let h be 2 - (1 - 1) - -41. Let t = h + -40. Suppose 0 = 3*l + 2*a - 1 - 3, -t*l - 3*a = -6. Calculate j(l).
-16
Let g be 21/14*(-68)/(-2). Let d(x) = -22 + g - 28 - 8*x. What is d(1)?
-7
Let y = 141 + -135. Let m(h) = 15*h**2 + 13*h**2 - 29*h**2 + 7 - y*h. Let u(f) = 4*f - 2. Let o be u(-1). Calculate m(o).
7
Let v(n) = -25*n**2 - 18*n - 18. Let m(z) = 8*z**2 + z + 1. Let f(p) = -3*m(p) - v(p). Give f(-14).
1
Let u be ((-16)/20)/((-12)/(-30)). Let m(a) = 26*a + 47. Determine m(u).
-5
Let v(i) = i**2 + 1. Let m(c) = -36 - c - 4*c**2 + 29 + 7*c. Suppose -5*l - 4*t - 7 = 0, -3*t - 4 = -12*l + 17*l. Let a(d) = l*m(d) + 3*v(d). What is a(6)?
-4
Let r(t) be the second derivative of 0 - t**2 + 1/6*t**3 - 171*t. Suppose -4*p - p - 25 = 0, 0 = -5*b + p + 5. Give r(b).
-2
Let v be (-4 - 2*-1)*2. Let h(o) = 281*o - 4. Let x(m) = 422*m - 4. Let b(t) = -3*h(t) + 2*x(t). Calculate b(v).
0
Let h(z) be the second derivative of z**4/12 + 5*z**3/6 - z. Let t be (-2)/12 + (258/36)/1. Let c be (-2)/t - (-130)/(-35). What is h(c)?
-4
Let h(c) = -c**2 + 7*c - 3. Suppose -4*f = 5*s + 2, 5*f - 2*f - s - 8 = 0. Let d be 0/(-2) + 7/7 + f. Let o be (-4 - (-23 + 3))/(-1 + d). What is h(o)?
-11
Let t(s) be the second derivative of 2*s**2 - 5*s - 1/20*s**5 + 1/6*s**4 + 0 - 1/6*s**3. Suppose -12*c = -17 - 19. What is t(c)?
-8
Let z(a) = 4*a**2 + 5 + 2*a**3 + 2 - 5*a - a**3. Let c(d) = -15*d - 35. Let r be c(-3). Let g be 153/(-27) - r/(-15). Give z(g).
7
Let l = 301 - 306. Let o be ((-1 - 